-90 - -94)).
74
What is 29 - (45 + 54 + -49)?
-21
Evaluate -2 + -62 - (-4029 + 3893).
72
What is -23 + -8 + (-13 - -44) + 1 + 10?
11
Evaluate -25 - ((-9 - (-28 + 15)) + 7 + -1).
-35
Calculate 57 + (9 - 21) + 9 - 15.
39
Calculate (-96 + 141 - (0 - 72)) + -17 + 1.
101
(59 - 69) + (1 - 3) - (-6 + 7 - -13)
-26
(17 - 1) + (-30 + 2 - -17) + (-7 - -5)
3
Calculate 4 + (6 - (-2 + 18)) - (3 + 4).
-13
Evaluate -90 - (-21 - (3 - -9 - 23) - -3).
-83
What is 41 - (58 - -12) - 3?
-32
What is -52 + 58 + -49 + 24?
-19
3 - 96 - (122 - (-10 - -178))
-47
4 - (-2 + (12 + -4 - -2)) - (5 + 41)
-50
What is (193 - 189 - (-2 - 6 - -2)) + -2?
8
What is 0 + -2 + (24 - (5 + 7 + (-5 - -8)))?
7
What is the value of 50 - ((-20 - -2) + (29 + -8 - 9 - 2))?
58
16 - 20 - ((0 - (7 + -11 + 10)) + 79)
-77
What is the value of (-7 - -11) + (-2 - 30) - (-443 - -438)?
-23
69 - -5 - (-3 + 0) - (-105 + 46 + 68)
68
Evaluate -7 + (-15 - -10) + (31 - -21) + -9 + -3.
28
Calculate (-1 + 16 - 60) + 70.
25
Calculate 45 + (-50 + 9 - -21).
25
Calculate 1 + -8 - (-1 - 37 - -17) - 44.
-30
Evaluate 15 + (0 - -32 - (1826 + -1797) - (-2 + 15)).
5
Calculate (12 - -32) + (-3 + 3 - -1) + -6 + -10.
29
What is -14 + (3 + 0 - 10) + (48 - -63)?
90
Calculate -8 + -3 - (9 + -115 - -22 - -14).
59
What is the value of -51 + (7 - -44) + 1 + -13 + -26?
-38
What is 15 + (-33 - -9 - -110) - (-1 - (-5 - 0))?
97
What is (-98 + 47 + (-10 - 1) - 4) + (-12 - -2)?
-76
What is -13 + 2 + (-3 - (-4 + -92)) - 16?
66
Evaluate 18 - -17 - 53 - (-2 + -20).
4
What is the value of 74 + (-215 - -143) + -9?
-7
Calculate -38 - ((-5 - 32) + 21).
-22
Evaluate 2 + 8 - (-520 - -546).
-16
Calculate -10 - (7 - 18 - -37) - (-3 + -13).
-20
Evaluate -36 - ((-12 - -23) + -25 + 24).
-46
What is (18 - (7 + -23 - (-32 + 7))) + -37?
-28
What is the value of (-33 - -31 - -44) + -20?
22
Calculate -14 - (-49 + 18) - (4 + 11) - (-3 - -78).
-73
What is 8 + -12 + (-44 - -28)?
-20
Evaluate 1 + (25 - (11 - -1) - (66 + -1)).
-51
What is the value of -52 - (-45 + 38) - 7?
-52
Calculate (1 + 8 + 2 + -9 - 0) + -2 + 27.
27
Calculate (-9 - (8 + 1 + -107)) + 2 + -4 + -5.
82
What is the value of -50 - (-55 + 61 + -11)?
-45
What is the value of -36 + (-23 - -58) + 13 + (-3 - -2)?
11
Evaluate (-203 + 218 - (-2 + 30)) + (-32 - (-13 + 5)).
-37
Evaluate -78 - (-19 - 55 - -20).
-24
Evaluate 15 + -56 + 28 - (2 - -30).
-45
What is -23 + 4 + 41 + -24?
-2
-6 + -39 - (16 + -10) - (-16 + (5 - -7))
-47
Evaluate -54 - (-111 + 55 + 34).
-32
What is the value of -41 - (40 + -83) - 41?
-39
Evaluate 49 + -53 + (-4 - -8) + 3 - (-1 + 23).
-19
What is 64 - (9 + 49 + -31) - 34?
3
Calculate 40 - ((6 - 1) + 21) - (140 - 3).
-123
What is (30 - (-7 + -8 + 14 - -11)) + (20 - 14)?
26
-73 + (-252 - -88 - -124)
-113
What is the value of -277 - (-342 - -74 - -123)?
-132
Calculate 374 + -464 + -2 + 81.
-11
Evaluate (-6 - (-46 + 55)) + 37.
22
What is the value of 33 + (7 + -5 - 0) - (5 + 5 - 17)?
42
Evaluate -11 - ((5 - -6) + -16) - 13 - -2.
-17
-19 - -37 - ((-7 - (5 + 3)) + 2)
31
What is the value of 39 - ((-79 - -78) + (0 + -2 - -14))?
28
What is the value of -87 - -129 - (48 + 10)?
-16
What is the value of (-7 + 6 + 12 - -50) + -9?
52
What is (8 - (-15 + 8 + 6)) + 0 + 5 + 0?
14
Calculate -105 + (88 - -7) - -52.
42
Evaluate -9 + (-9 - 4) + -1 + 87.
64
What is 9 + (23 + -28 - (11 + -2)) - (6 + -1)?
-10
What is the value of (-66 - 56) + 133 + (0 - -15 - 1)?
25
What is (1 - 0) + -41 - (138 - (245 + -104))?
-37
What is (-61 + -5 - -16) + -60?
-110
Calculate 7 + (-45 + 32 - -47).
41
What is the value of -46 - -44 - (-108 + 101 - (0 + 0 + 52))?
57
Calculate -22 + -3 - (43 - -13 - 128).
47
Calculate (-29 - 29) + (96 - 55).
-17
Evaluate (75 - (5 - 7)) + (376 - 400).
53
Calculate 190 - 132 - (-5 + 45).
18
0 - -1 - 26 - (447 + -303 + -135)
-34
What is (-2 - -2) + (6 - (-31 - 9 - 22))?
68
What is -13 + -90 + 70 + 2?
-31
What is the value of (7 + -11 - 7) + (-6 - (-5 + (-13 - 34)))?
35
Calculate 14 + -20 - 89 - (6 - (1 - (-3 - 13))).
-84
What is -1014 + 986 - (1 - 1)?
-28
What is the value of (-15 - (-15 - ((56 - 5) + -5 + 19))) + 6?
71
(39 - (56 + (2 - 0))) + -1 + -72
-92
Calculate 1 - -41 - (-10 + -12 + 9) - -8.
63
-84 + (-14 - -53) + 42
-3
What is (-12 - (17 - (-5 - -19))) + 11 - (-9 + 0)?
5
Calculate 67 + (52 + -116 - -31).
34
Calculate 7 + -13 + -1 + 7 - (3 - -19).
-22
-23 - (-10 - -26) - (-147 - -26)
82
Calculate 8890 - 8992 - (-204 - 2).
104
What is -29 - (-26 + 82 + -121)?
36
What is 99 + (-2 - (-1 + 4)) - (79 + 30 + -99)?
84
What is the value of (-87 - -7) + -8 + 13 - -14?
-61
Calculate 9485 + -9400 - (-2 - 26 - -2).
111
Evaluate (28 - 73) + (-4 - 21) - -20.
-50
-2 + (3 - 0) - (62 - (-1 + 22 + 12))
-28
What is the value of -12 - (0 + -23 + (-328 - -339))?
0
Evaluate 25 + -27 - (-104 + 109 + (-1 - 1)).
-5
What is the value of -158 + (111 - 47) + 58?
-36
Evaluate (25 - 1) + 290 + -324.
-10
What is the value of 69 + -35 + -15 + 14 + 8?
41
Calculate (-73 - -32) + 39 + -13.
-15
(-14 - (-17 + 25)) + (-1 - 70) + (13 - 2)
-82
What is ((-7 - -13) + -11 + 17 - 22) + 9?
-1
-3 + (-58 - -49) + 51
39
What is the value of -20 - -1 - ((11 - 1) + -4 + 3 + -11)?
-17
What is the value of (-2 - (3 + 8)) + -26 + (46 - 21) + 24?
10
What is (31 - (-12 + 42)) + 8 + 21?
30
(43 - (27 + 35)) + (16 - 2)
-5
(36 + -26 - 4) + (72 - (1 - (-5 + 1)))
73
What is -7 + (3 + 2 - ((6 - 52) + 8))?
36
Evaluate -24 + (-75 - (-87 - 36)).
24
What is the value of -27 + 48 + (-8 - 1) - -5?
17
Evaluate -59 + (366 - 151) + 1 + -45.
112
(-405 + 235 - -109) + 1 + -37
-97
Calculate (-22 + -45 - -91) + 10.
34
What is the value of 73 - ((1 - -11) + (641 - 621))?
41
Calculate -109 - ((-5 - ((1 - 1) + 7)) + (10 - -2)).
-109
Evaluate -5952 + 5834 - (-33 + 3).
-88
What is the value of (1 - (-3 + 9)) + -109 + (17 - (9 - -1))?
-107
What is (55 - (-13 + 46)) + (-2 - (2 + -20 + 3))?
35
Evaluate 5 + -4 - ((-17 + 19 - -48) + -10).
-39
Calculate -83 + 20 + -19 + 4 + (-1 - -9).
-70
Calculate 8 + 3 - (-108 - (-28 + -31)).
60
What is the value of 36 + (-96 - -24) + 1?
-35
Evaluate 3 + (65 - (-6 + 7)) + (0 - 14).
53
What is the value of -59 + -40 + 32 + 10?
-57
(-64 - (-93 - -43)) + 43
29
Evaluate -91 - (-7 + (-34 - 67)).
17
What is (3 + 23 - (50 - 5)) + -15 + 1?
-33
What is the value of (-43 - (-25 - -38)) + 41?
-15
126 + -75 + 75 + -59
67
What is the value of -5 + -13 + 15 + (-19 - -12)?
-10
Evaluate -57 + 35 - -11 - -35.
24
Evaluate 84 - ((27 - -76) + -24).
5
What is 17 + 3 + -21 + 14 - (-3 - 67)?
83
Calculate -4 - (16 - (-4 + 9 - 11)).
-26
What is the value of 73 - (-15 - -89) - -73?
72
What is the value of -39 - (39 + -2 - 113)?
37
Calculate -44 + (1 - 38) + 37.
-44
What is -56 - (-157 - -100) - -16?
17
Calculate 0 + -57 + 25 + -38 + -6 + 22 + -2.
-56
171 + -45 + -27 + (-10 - -9)
98
What is the value of -9 - (7 + 10 - -36) - (-9 + 7)?
-60
What is the value of -37 - (43 - 68) - -30?
18
Calculate 23 - ((159 - 150) + (37 - 0)).
-23
Evaluate (133 - -11) + -79 + -12.
53
What is the value of -62 + -1 + -7 + 23 + -12 + (17 - 28)?
-70
Calculate -9 + 147 + -68 + -73.
-3
What is the value of 20 + (-28 + 55 - 26 - (0 - -13)) + 6?
14
What is the value of -16 + 26 - (11 + -5 - 21 - 5)?
30
Evaluate 26 + (-28 + -10 - 77).
-89
6 + 0 - (16 - (-25 - (-32 - -4)))
-7
Evaluate (-2949 - -2988) + -59 + 0.
-20
What is -8 - (10 - (-31 - -15 - (-2 - (0 + 6))))?
-26
What is 32 + -23 + 0 - -66 - 25?
50
What is the value of -6 - 0 - (6 - 22 - -17) - 26 - 8?
-41
Evaluate 41 + (56 - 133 - -58).
22
Evaluate (19 - (30 - (8 - 7))) + 12 + -2 + 3.
3
-27 + -12 + -47 + 29 + 14
-43
6881 + -6960 - (-41 + 1)
-39
Evaluate 1 - -55 - (-706 - -762).
0
What is the value of (-1691 - -1668 - (1 + 8)) + 87?
55
What is the value of 16 + -77 + 45 + 9 + 26?
19
What is -21 - (18 + (-6 - (-8 + 36)) - -21)?
-26
What is the value of ((19 - 6) + -2 + 0 - 1) + (48 - 12)?
46
Evaluate -14010 - -14071 - (14 - -2 - -2).
43
What is the value of -14 - -28 - ((13 - 16) + -19)?
36
Evaluate -21 - (-4 + -10 + 22 + 2).
-31
What is the value of -3 + -3 + (5 + 0 - (-10 - -17)) - -30?
22
(7 - 187 - -134) + 66
20
What is -3 + (0 - -42) + (12 + (-11 - -8) - 5)?
43
-34 + (29 - 3) + 27 - (2 - -60)
-43
What is -4494 - -4458 - (-13 - -1)?
-24
Evaluate 13 - (-37 + 4 + -6 - (-118 + 109)).
43
Calculate -80 - -73 - (-3 + -8) - (-2 - 